isor of 98362 and 20777?
263
What is the highest common divisor of 440744 and 152?
8
What is the highest common factor of 97300632 and 13728?
3432
Calculate the highest common divisor of 19915896 and 1248.
312
Calculate the greatest common divisor of 1135308 and 182928.
444
What is the highest common factor of 559 and 29986523?
43
What is the highest common divisor of 296006 and 36046?
134
Calculate the greatest common divisor of 5475 and 8544650.
1825
What is the highest common factor of 3 and 278687196?
3
What is the greatest common factor of 3 and 928286?
1
What is the greatest common divisor of 615448 and 37696?
152
Calculate the greatest common divisor of 8993621 and 3289.
299
Calculate the greatest common divisor of 222250 and 21624750.
1750
Calculate the highest common divisor of 10215857 and 377837.
7129
What is the highest common factor of 19138616 and 42?
14
What is the highest common divisor of 26 and 28897258?
26
What is the highest common divisor of 2169 and 1791675?
9
Calculate the highest common factor of 157142822 and 290.
58
What is the greatest common factor of 1691640 and 321345?
1665
What is the highest common factor of 4374 and 2004?
6
What is the highest common factor of 477 and 69182649?
477
What is the highest common factor of 9184 and 209106560?
1312
What is the highest common factor of 3525 and 1242075?
75
What is the highest common factor of 155030590 and 4290?
1430
Calculate the greatest common factor of 70032 and 145824.
48
Calculate the greatest common factor of 1862696 and 121.
11
Calculate the highest common factor of 1972803 and 525.
21
What is the highest common factor of 11 and 615243?
1
Calculate the highest common divisor of 2112 and 202924032.
192
Calculate the highest common divisor of 7586304 and 3828.
132
Calculate the highest common divisor of 60 and 902380.
20
What is the highest common factor of 714390 and 115?
5
What is the highest common divisor of 20263228 and 112055?
307
Calculate the highest common divisor of 1992458320 and 40.
40
Calculate the highest common factor of 7255130 and 17930.
1630
What is the greatest common factor of 3073 and 4241594294?
3073
Calculate the greatest common factor of 20878581 and 1967.
281
Calculate the greatest common factor of 59162 and 14968.
2
What is the highest common divisor of 330 and 37127805?
165
Calculate the greatest common divisor of 3848364 and 4758.
78
Calculate the highest common factor of 2976 and 15523436.
124
What is the highest common factor of 167063586 and 6?
6
Calculate the greatest common divisor of 298270 and 630.
70
Calculate the highest common divisor of 5968305 and 210.
105
Calculate the highest common factor of 281632 and 2138643.
8801
Calculate the highest common factor of 396578929 and 2251.
2251
Calculate the highest common factor of 109263 and 5573832.
1419
Calculate the highest common divisor of 47288 and 543168.
184
Calculate the highest common factor of 72550824 and 72.
24
Calculate the greatest common divisor of 825 and 2880350.
275
Calculate the highest common divisor of 412984 and 24661.
13
What is the greatest common divisor of 143524868 and 12?
4
Calculate the greatest common divisor of 1390042 and 2.
2
Calculate the highest common factor of 12683 and 14069.
11
Calculate the highest common divisor of 46587 and 3065952.
879
Calculate the greatest common factor of 462 and 89206986.
66
What is the greatest common factor of 4536 and 462909384?
1512
What is the greatest common factor of 1116505 and 1251991?
2509
Calculate the greatest common factor of 590 and 17076842.
118
Calculate the greatest common factor of 963090 and 16200.
810
Calculate the greatest common factor of 21968175 and 150.
75
Calculate the greatest common divisor of 40019 and 13244.
7
Calculate the highest common factor of 810 and 200580.
30
Calculate the highest common divisor of 693 and 37928385.
99
What is the highest common divisor of 147 and 38687691?
21
Calculate the highest common divisor of 12 and 618597.
3
What is the highest common divisor of 55602171 and 2745?
549
Calculate the highest common divisor of 7370 and 153799840.
670
Calculate the highest common factor of 63104258 and 49.
49
What is the greatest common divisor of 514 and 146985753?
257
What is the highest common factor of 17 and 27348631?
17
What is the highest common factor of 3624 and 1088257?
151
Calculate the highest common divisor of 8554 and 6608576.
1222
Calculate the greatest common factor of 191 and 17665972.
191
What is the highest common divisor of 18862838 and 11392?
178
Calculate the highest common divisor of 812874 and 180.
6
What is the highest common factor of 4426511 and 1020?
17
What is the greatest common factor of 54442 and 113?
1
Calculate the greatest common divisor of 278235 and 37935.
135
Calculate the greatest common factor of 107 and 365940.
107
Calculate the greatest common divisor of 1815 and 2458005.
165
What is the greatest common divisor of 810 and 79252830?
810
What is the highest common divisor of 8452349 and 4?
1
Calculate the greatest common divisor of 16744 and 10926587.
161
Calculate the greatest common factor of 4804952 and 458026.
8642
What is the highest common factor of 479638 and 1938?
34
What is the greatest common factor of 2622042346 and 7766?
7766
Calculate the highest common factor of 578648736 and 654.
654
Calculate the highest common divisor of 109291248 and 3165.
633
What is the highest common divisor of 17 and 51062594?
17
What is the greatest common divisor of 68696 and 26164?
124
Calculate the greatest common factor of 2519506 and 385814.
1562
Calculate the greatest common factor of 2640740 and 36110.
1570
What is the greatest common factor of 196494008 and 8?
8
Calculate the greatest common factor of 10212508 and 7704.
428
What is the highest common factor of 2443856 and 228?
76
Calculate the greatest common factor of 226650 and 834.
6
Calculate the greatest common divisor of 2186988 and 73036.
124
Calculate the greatest common factor of 587471832 and 252.
36
What is the highest common factor of 157781165 and 155?
155
Calculate the greatest common divisor of 310 and 19228010.
10
Calculate the highest common factor of 13024 and 12224608.
352
What is the highest common factor of 638302 and 67851?
2513
Calculate the highest common factor of 336 and 102207.
21
What is the highest common factor of 1433128 and 5385?
359
Calculate the greatest common factor of 5214 and 14091.
33
Calculate the highest common divisor of 4 and 2433441.
1
Calculate the highest common divisor of 348904 and 6216.
8
Calculate the highest common divisor of 266124551 and 11.
11
What is the greatest common divisor of 23477345 and 10?
5
What is the greatest common divisor of 432106 and 9514?
142
What is the greatest common divisor of 21210 and 2246644?
202
What is the greatest common divisor of 10 and 8342990?
10
Calculate the greatest common divisor of 21846 and 228064296.
1986
Calculate the highest common factor of 33371316 and 480.
12
Calculate the highest common factor of 399464 and 13364.
52
What is the highest common factor of 180933 and 13407?
123
What is the greatest common factor of 3487911 and 13776?
861
What is the greatest common divisor of 232404210 and 124?
62
Calculate the highest common divisor of 13987 and 132131.
71
What is the highest common divisor of 345203882 and 309?
103
What is the greatest common divisor of 803 and 1969231429?
803
What is the highest common factor of 37590200 and 200?
200
Calculate the greatest common factor of 9225 and 730989.
369
What is the greatest common divisor of 93366 and 288306?
1026
Calculate the highest common divisor of 76960069 and 4955.
991
Calculate the greatest common factor of 2572920 and 5180.
140
What is the greatest common divisor of 4713 and 2421?
3
What is the highest common divisor of 56048435 and 505?
505
What is the highest common divisor of 304700 and 320375?
275
What is the highest common divisor of 168376 and 904?
8
What is the highest common factor of 16179526 and 44?
22
Calculate the greatest common divisor of 175138 and 16010750.
2614
Calculate the greatest common factor of 972 and 414917154.
486
Calculate the greatest common divisor of 50337 and 39710300.
5593
Calculate the highest common factor of